it of m?
1
Let b be -38 - (2 - (-8)/4). Let k = b + 136. Suppose -5*q + k = 4*i, i - 42 + 11 = -5*q. What is the tens digit of i?
2
Suppose 0 = -2*y + 2*p + 66, 8 - 140 = -4*y + 3*p. Suppose -y*r + 29*r = -1576. What is the hundreds digit of r?
3
Let z be ((-8)/10)/(1 - 28/20). Suppose 5*c - 5787 = z*c. What is the hundreds digit of c?
9
Let a(p) = 2 + p**3 + 13*p**2 + 6*p + 3*p**2 + 25*p. Let c(k) = -k**3 - 7*k**2 - 7*k + 2. Let z be c(-5). What is the units digit of a(z)?
6
Let o(b) = -121*b + 67. Let w be o(7). Let f = -208 - w. What is the tens digit of f?
7
Suppose -1882 - 598 = 8*k. Let l = -284 - k. What is the units digit of l?
6
Let z(d) = -1222*d - 2731. What is the tens digit of z(-13)?
5
Let u be ((-20)/40)/((-2)/(-12)) + 6. Suppose j = -2*n + 3047 + 239, u*j + 12 = 0. What is the units digit of n?
5
Let c(p) = 5*p**3 - 2*p**2 + 44*p + 4. Let l be c(5). Suppose -150 = -13*t + l. What is the units digit of t?
3
Suppose 65*h - 56 = 58*h. Suppose -468 = -14*b + h*b. What is the tens digit of b?
7
What is the units digit of 33*-4*(-12715)/60?
3
Let w(r) = 499*r**3 - r + 2. Let b be w(1). Suppose 0 = 7*n + 3*n - b. Suppose -14*v + 19*v = n. What is the units digit of v?
0
Let b(n) = n - 3. Let h be b(3). Suppose 5*v + h*v = -0*v. Suppose v = 4*d + 6*s - 2*s - 280, -192 = -3*d + 3*s. What is the units digit of d?
7
Suppose -14726 = -6*l - 2999 + 2673. What is the hundreds digit of l?
4
Let k(j) = 8358*j**2 + 47*j + 86. What is the tens digit of k(-2)?
2
Suppose 78*q - 256450 = -37*q. What is the hundreds digit of q?
2
Let a(g) = 189*g**2 - 544*g + 9178. What is the ten thousands digit of a(17)?
5
Let t be (-8)/72 + 12296/18. Let x = t + -369. What is the hundreds digit of x?
3
Let r(v) = -3*v - 14. Let i be r(-6). Suppose 5*q = 5*w + 4440, i*w + 1447 = 5*q - 2989. Suppose -42*p + 38*p = -q. What is the units digit of p?
1
Suppose -3*o + 4*o - 626262 = -41*o. What is the hundreds digit of o?
9
Let z(o) = 5*o**2 + 56*o + 1823. What is the units digit of z(66)?
9
Let p = -2723 + 3487. What is the tens digit of p?
6
Suppose -3*c - 4*r + 16027 = 0, c + 19*r = 22*r + 5325. What is the thousands digit of c?
5
Suppose -7 = l + 2. Let w be 91/77 - (l/11 - -1). Suppose 5*d + 2*b = 537, -2*b = -1 - w. What is the tens digit of d?
0
Let t(n) = -1515*n - 19. Let l be t(10). Let b be l/(-66) - (-2)/12. Suppose 734 = 6*v + b. What is the units digit of v?
4
Suppose -2*y + z = 43, 2*z + 79 = -2*y + 21. Let u be -1 + 4 - (-4)/y*0. Suppose 0 = u*n - 5*i - 473, -4*n + i + 282 = -360. What is the hundreds digit of n?
1
Let s(o) = o**3 + 12*o**2 - 5*o - 13. Suppose 2*l - 5*r = -39, -25*l = -30*l + 3*r - 50. What is the units digit of s(l)?
7
Let h be (-15)/(-4) - 2 - 5/(-20). Suppose -3*g - 5*q = -998, -q - 340 = -g - h. What is the hundreds digit of g?
3
What is the thousands digit of ((2 - 6) + 20306)/(-14 + 16)?
0
Let p(h) = 3*h + 37. Let y be p(-11). Suppose 3*w - y*w + g = -577, 3*g = 15. What is the tens digit of w?
8
Let c = -389 + 452. What is the tens digit of (146/(-1))/((-14)/c)?
5
Let w(d) = 197*d - 399. What is the hundreds digit of w(131)?
4
Suppose 0 = -4*b + k + 40144, 0 = -5*b - k - 8801 + 58990. What is the ten thousands digit of b?
1
Suppose 27 = 5*g - 3*t, 4*g + 19*t = 15*t - 4. What is the hundreds digit of 571 + g/(5/(-6 - -1))?
5
Suppose 46*n = 35*n + 55. Suppose 5*v + o = 398, -n*o - 32 = -3*v + 190. What is the tens digit of v?
7
Let g = -164 - -166. Suppose -4085 = -5*z + 2*u, -2*u - g*u = 5*z - 4085. What is the hundreds digit of z?
8
Suppose w = -9*w + 31509 + 35391. What is the tens digit of w?
9
Suppose 0 = -4*i + 5*d + 34, -5*i + 5*d + 48 = 8. Let x(k) = k**2 + 2*k - 45. What is the units digit of x(i)?
3
What is the thousands digit of 1/(-1) - 10983/(-42)*50?
3
Suppose p = -3*p + 4. Let b(c) = -15*c - 6. Let s(m) = -m - 1. Let j(y) = p*b(y) + 4*s(y). What is the units digit of j(-4)?
6
Suppose -378 = i - 15*i. Let r be 8*6/9*i/(-8). What is the tens digit of (12/r)/((-8)/1956)?
6
Let i be (9 + 280/(-32))/(1/4). What is the hundreds digit of ((-2)/(-6))/((-4 - i)/(-3495))?
2
Suppose 5*l + 9*k - 4*k = -1115, -2*l - 458 = -2*k. Let n = l - -730. What is the units digit of n?
4
Suppose 675*t + 116322 = 5*g + 671*t, 2*t - 14 = 0. What is the ten thousands digit of g?
2
Let f be 507/((-3)/6 - -2). Suppose -1654 = n - 6*n - q, -2*q + f = n. Suppose -5*w = -0*w - n. What is the units digit of w?
6
Suppose 4*q - 20 = k, 3*q = 7*q - 4*k - 20. What is the units digit of 5 + 556*(-4 + q)?
1
Suppose z + 2*q - 13192 = 0, -q + 39586 = -40*z + 43*z. What is the units digit of z?
6
Let n(k) = -2*k**3 + 61*k**2 + 31*k + 8. Let y be n(31). Suppose -6*z - 1110 = -y*z. What is the tens digit of z?
5
Suppose 2*d + 297 = 13*d. Suppose 17*u + d = 20*u. Suppose 10*j - 257 = u*j. What is the units digit of j?
7
Let u(s) = 6*s**3 - s**2 - 2*s + 3. Let p be u(2). Let r = p + -39. What is the units digit of 8 - 6/(r - 1)?
6
Let m = 2616 + -2288. What is the units digit of m?
8
What is the tens digit of 3*1623/9 + (31 - 23)?
4
Let r(f) = -65*f**2 - 35*f + 55. Let z be r(-23). What is the units digit of -1 + (z/(-60) - 1/(-4))?
8
Suppose -27287 = -q + 3*o - 6*o, 2*q + 5*o - 54577 = 0. What is the thousands digit of q?
7
Let h(r) = -13*r - 15*r + 8 - 7*r - 6. Let p be h(-3). Suppose i - 28 = p. What is the units digit of i?
5
Suppose 60 = 10*f - 10. Suppose -3*r = -g - 9, f*r = 3*r - 2*g + 22. What is the units digit of 174/r*(-20)/(-15)?
8
Suppose -37*h + 10917 = -5104. What is the tens digit of h?
3
Let w(p) be the third derivative of p**6/24 - p**5/60 - p**4/8 + p**3/3 - 14*p**2. Let y be w(2). Suppose y = 17*c - 15*c. What is the tens digit of c?
1
Let s(j) = 19*j**2 + 5*j - 20. Let k be (5/(-15))/((-11)/(-165)). What is the units digit of s(k)?
0
Let x(q) = -3*q - 15 - 4 + 5 - 3*q. Let w be x(-3). Suppose -w*g = -0*g - 52. What is the units digit of g?
3
Suppose 211*b - 3114344 + 837865 = 0. What is the units digit of b?
9
Suppose 11*t - 27619 = 7130. What is the hundreds digit of t?
1
Let t = 621 + 6510. What is the units digit of t?
1
Let z(h) = h**2 + h + 3. Let m be z(0). Suppose -j = -a + j + 85, 5*a = 4*j + 419. Suppose -m*r - 26 + a = 0. What is the tens digit of r?
1
Let s be ((-3)/(-12))/(2/(-8))*-137. Suppose -7*i - s = -1460. What is the units digit of i?
9
What is the thousands digit of (18 + (-1378)/78)/(2/160572)?
6
Let x(k) = 186 + 11*k + 163 - 258. What is the tens digit of x(12)?
2
Let r(n) = -n**2 + 29*n - 188. Let z be r(18). Let c(m) be the second derivative of m**5/20 - 2*m**4/3 + m**3/3 + 2*m**2 - 4*m. What is the tens digit of c(z)?
2
Suppose -11*h - 7*h + 360 = 0. Suppose -3*a + p + 203 = 0, 4*a + 3*p - 264 = 6*p. Let q = h + a. What is the tens digit of q?
8
Let j = -6777 - -18638. What is the ten thousands digit of j?
1
Let h be 2*1 + (-6)/(-3). Let r be 127 + 32/(-20) + 4/(-10). Suppose 0 = -o + 3*k - 8*k + r, -5*k - 425 = -h*o. What is the units digit of o?
0
Let a = -114 - -117. Suppose 3*p = 0, a*p = -b + 2*p + 382. What is the hundreds digit of b?
3
Let v be (406/(-1015))/(2/115*-1). Suppose -45*n + 20944 = -v*n. What is the hundreds digit of n?
9
Let r(l) = 4*l**2 - 9*l + 2. Let o be r(2). Suppose -5*w - 2*m = -249, 11*w - 9*w - 4*m - 90 = o. What is the units digit of w?
9
Suppose -19*q + 80 = -15*q. Suppose 0 = -5*i - q, -2*x + 7*i = 8*i - 596. What is the units digit of x?
0
Let g(x) = x**3 + 13*x**2 + 7*x - 118. Let l be g(-11). Let q be (8/6)/(3/(-45)). Let z = q + l. What is the tens digit of z?
2
Suppose 3*f - 898 = f + v, -3*f = 5*v - 1373. Let w = f + -195. Let q = w + -173. What is the tens digit of q?
8
What is the hundreds digit of ((-77)/55 + 1)/((0 - 3)/100050)?
3
Let s = 7203 - 4996. What is the thousands digit of s?
2
Let c = -139 - -144. Suppose 4*n - 4*d = 404, c*n + 4*d = 71 + 389. What is the tens digit of n?
9
Suppose -77*i + 74*i = -37*i + 102. Let w be -4*(2 + 10/(-8)). What is the tens digit of -2 - (-53 + i + w)?
5
Let u(x) = -131*x - 4. Let i be u(-3). Suppose -4*j = -3*o - 507, 5*j + i = 8*j - 4*o. Let v = -34 + j. What is the tens digit of v?
8
Let f(n) = -2578*n + 1061. What is the thousands digit of f(-3)?
8
Let q(v) = -v**3 + 14*v**2 + v + 2. Suppose -4*p - 5*w = -64, -11*p + 24 = -7*p 